{"id":2601,"date":"2014-09-23T09:57:30","date_gmt":"2014-09-23T08:57:30","guid":{"rendered":"http:\/\/imagerielescedres.fr\/?page_id=2601"},"modified":"2018-01-26T16:54:55","modified_gmt":"2018-01-26T15:54:55","slug":"contactez-nous","status":"publish","type":"page","link":"https:\/\/imagerielescedres.fr\/?page_id=2601","title":{"rendered":"Contactez-nous"},"content":{"rendered":"<p>[vc_row][vc_column][vc_gallery interval=\u00a0\u00bb3&Prime; images=\u00a0\u00bb2687,2663,2692&Prime; img_size=\u00a0\u00bbfull\u00a0\u00bb][vc_empty_space height=\u00a0\u00bb20px\u00a0\u00bb][vc_separator][\/vc_column][\/vc_row][vc_row][vc_column width=\u00a0\u00bb1\/2&Prime; offset=\u00a0\u00bbvc_hidden-lg vc_hidden-md vc_hidden-sm vc_hidden-xs\u00a0\u00bb][vc_empty_space height=\u00a0\u00bb40px\u00a0\u00bb]<span class=\"features_image\"><img decoding=\"async\" src=\"https:\/\/imagerielescedres.fr\/wp-content\/themes\/medicenter\/images\/icons_large\/orange_dark\/speaker.png\"><\/span>[vc_empty_space height=\u00a0\u00bb20px\u00a0\u00bb][vc_empty_space height=\u00a0\u00bb20px\u00a0\u00bb][vc_empty_space height=\u00a0\u00bb20px\u00a0\u00bb][vc_empty_space height=\u00a0\u00bb20px\u00a0\u00bb]<h3 class=\"box_header\">Remplissez le formulaire ci-dessous<\/h3>[vc_empty_space height=\u00a0\u00bb20px\u00a0\u00bb][vc_column_text]<\/p>\n<p style=\"text-align: justify;\">Pour prendre rendez-vous, il est indispensable d\u2019avoir avec vous l\u2019ordonnance ou le courrier de votre m\u00e9decin. Le rendez-vous peut se prendre :<\/p>\n<p>\u2022 Soit par t\u00e9l\u00e9phone (voir la liste des num\u00e9ros des centres d\u2019imagerie)<br \/>\n\u2022 Soit en remplissant le formulaire ci-dessous<\/p>\n<p>Ce formulaire de contact n\u2019est pas destin\u00e9 \u00e0 obtenir une information d\u2019ordre m\u00e9dical. Vous pouvez l\u2019utiliser par contre pour une demande de rendez-vous. Une secr\u00e9taire vous rappellera pour sa validation dans un d\u00e9lai de 48H (hors dimanche et jours f\u00e9ri\u00e9s). Ces messages sont adress\u00e9s dans une bo\u00eete aux lettres \u00e9lectronique propri\u00e9t\u00e9 du centre d\u2019imagerie et lus exclusivement par ses membres tous soumis au secret m\u00e9dical. Nous vous informons que ces messages ne sont pas lus en temps r\u00e9el.<\/p>\n<p>[\/vc_column_text][vc_empty_space height=\u00a0\u00bb20px\u00a0\u00bb][vc_column_text]<\/p>\n<div id=\"iphorm-outer-69e30367b1daf\" class=\"iphorm-outer iphorm-outer-1 iphorm-uniform-theme-default iphorm-responsive\" >\n    <script type=\"text\/javascript\">\n        jQuery(document).ready(function($) {\n                        $('#iphorm-69e30367b1daf').iPhorm({\"id\":1,\"uniqueId\":\"69e30367b1daf\",\"useAjax\":true,\"successMessageTimeout\":10,\"resetFormValues\":\"\",\"clElementIds\":[],\"clDependentElementIds\":[],\"centerFancybox\":true,\"centerFancyboxSpeed\":true});\n                        if ($.isFunction($.fn.qtip)) {\n                $('.iphorm-tooltip-hover', iPhorm.instance.$form).qtip({\n                    style: {\n                        classes: 'qtip-plain qtip-shadow'\n                    },\n                    position: {\n                        my: 'left center',\n                        at: 'right center'\n                    }\n                });\n                $('.iphorm-tooltip-click', iPhorm.instance.$form).qtip({\n                    style: {\n                        classes: 'qtip-plain qtip-shadow'\n                    },\n                    position: {\n                        my: 'left center',\n                        at: 'right center'\n                    },\n                    show: {\n                        event: 'focus'\n                    },\n                    hide: {\n                        event: 'unfocus'\n                    }\n                });\n                $('.iphorm-tooltip-icon-hover', iPhorm.instance.$form).qtip({\n                    style: {\n                        classes: 'qtip-plain qtip-shadow'\n                    },\n                    position: {\n                        my: 'left center',\n                        at: 'right center'\n                    },\n                    content: {\n                        text: function (api) {\n                            return $(this).find('.iphorm-tooltip-icon-content').html();\n                        }\n                    }\n                });\n                $('.iphorm-tooltip-icon-click', iPhorm.instance.$form).qtip({\n                    style: {\n                        classes: 'qtip-plain qtip-shadow'\n                    },\n                    position: {\n                        my: 'left center',\n                        at: 'right center'\n                    },\n                    show: {\n                        event: 'click'\n                    },\n                    hide: {\n                        event: 'unfocus'\n                    },\n                    content: {\n                        text: function (api) {\n                            return $(this).find('.iphorm-tooltip-icon-content').html();\n                        }\n                    }\n                });\n                $('.iphorm-labels-inside > .iphorm-element-spacer > label').hover(function () {\n                    $(this).siblings('.iphorm-input-wrap').find('.iphorm-tooltip-hover').qtip('show');\n                }, function () {\n                    $(this).siblings('.iphorm-input-wrap').find('.iphorm-tooltip-hover').qtip('hide');\n                });\n            }\n                                    if ($.isFunction($.fn.uniform)) {\n                $('select, input:checkbox, input:radio', iPhorm.instance.$form).uniform({context: iPhorm.instance.$form, selectAutoWidth: false});\n            }\n                        if ($.isFunction($.fn.inFieldLabels)) {\n                $('.iphorm-labels-inside:not(.iphorm-element-wrap-recaptcha) > .iphorm-element-spacer > label', iPhorm.instance.$form).inFieldLabels();\n            }\n                        $('.iphorm-group-row > div:last-child:not(:first-child)', iPhorm.instance.$form).add('.iphorm-group-row:last-child', iPhorm.instance.$form).addClass('last-child');\n                    });\n    <\/script>\n    <form id=\"iphorm-69e30367b1daf\" class=\"iphorm iphorm-form-1\" action=\"\/index.php?rest_route=%2Fwp%2Fv2%2Fpages%2F2601#iphorm-69e30367b1daf\" method=\"post\" enctype=\"multipart\/form-data\">\n        <div class=\"iphorm-inner iphorm-inner-1\" >\n            <input type=\"hidden\" name=\"iphorm_id\" value=\"1\" \/>\n            <input type=\"hidden\" name=\"iphorm_uid\" value=\"69e30367b1daf\" \/>\n            <input type=\"hidden\" name=\"form_url\" value=\"https:\/\/imagerielescedres.fr\/index.php?rest_route=%2Fwp%2Fv2%2Fpages%2F2601\" \/>\n            <input type=\"hidden\" name=\"referring_url\" value=\"\" \/>\n            <input type=\"hidden\" name=\"post_id\" value=\"\" \/>\n            <input type=\"hidden\" name=\"post_title\" value=\"\" \/>\n                                                                        <div class=\"iphorm-success-message iphorm-hidden\" ><\/div>\n                                        <div class=\"iphorm-elements iphorm-elements-1 iphorm-clearfix\" >\n                <div class=\"iphorm-element-wrap iphorm-element-wrap-text iphorm_1_1-element-wrap iphorm-clearfix iphorm-labels-above iphorm-element-required\" >\n    <div class=\"iphorm-element-spacer iphorm-element-spacer-text iphorm_1_1-element-spacer\">\n                    <label for=\"iphorm_1_1_69e30367b1daf\" >\n                Nom                                    <span class=\"iphorm-required\">(obligatoire)<\/span>\n                                            <\/label>\n                <div class=\"iphorm-input-wrap iphorm-input-wrap-text iphorm_1_1-input-wrap\" >\n            <input class=\"iphorm-element-text  iphorm_1_1\" id=\"iphorm_1_1_69e30367b1daf\" type=\"text\" name=\"iphorm_1_1\"  value=\"\"  \/>\n                    <\/div>\n        <div class=\"iphorm-errors-wrap iphorm-hidden\" >\r\n    <\/div>    <\/div>\n    <\/div><div class=\"iphorm-element-wrap iphorm-element-wrap-text iphorm_1_6-element-wrap iphorm-clearfix iphorm-labels-above iphorm-element-required\" >\n    <div class=\"iphorm-element-spacer iphorm-element-spacer-text iphorm_1_6-element-spacer\">\n                    <label for=\"iphorm_1_6_69e30367b1daf\" >\n                Pr\u00e9nom                                    <span class=\"iphorm-required\">(obligatoire)<\/span>\n                                            <\/label>\n                <div class=\"iphorm-input-wrap iphorm-input-wrap-text iphorm_1_6-input-wrap\" >\n            <input class=\"iphorm-element-text  iphorm_1_6\" id=\"iphorm_1_6_69e30367b1daf\" type=\"text\" name=\"iphorm_1_6\"  value=\"\"  \/>\n                    <\/div>\n        <div class=\"iphorm-errors-wrap iphorm-hidden\" >\r\n    <\/div>    <\/div>\n    <\/div><div class=\"iphorm-element-wrap iphorm-element-wrap-text iphorm_1_11-element-wrap iphorm-clearfix iphorm-labels-above iphorm-element-required\" >\n    <div class=\"iphorm-element-spacer iphorm-element-spacer-text iphorm_1_11-element-spacer\">\n                    <label for=\"iphorm_1_11_69e30367b1daf\" >\n                T\u00e9l\u00e9phone                                    <span class=\"iphorm-required\">(obligatoire)<\/span>\n                                            <\/label>\n                <div class=\"iphorm-input-wrap iphorm-input-wrap-text iphorm_1_11-input-wrap\" >\n            <input class=\"iphorm-element-text  iphorm_1_11\" id=\"iphorm_1_11_69e30367b1daf\" type=\"text\" name=\"iphorm_1_11\"  value=\"\"  \/>\n                    <\/div>\n        <div class=\"iphorm-errors-wrap iphorm-hidden\" >\r\n    <\/div>    <\/div>\n    <\/div><div class=\"iphorm-element-wrap iphorm-element-wrap-text iphorm_1_7-element-wrap iphorm-clearfix iphorm-labels-above iphorm-element-optional\" >\n    <div class=\"iphorm-element-spacer iphorm-element-spacer-text iphorm_1_7-element-spacer\">\n                    <label for=\"iphorm_1_7_69e30367b1daf\" >\n                M\u00e9decin prescripteur                                            <\/label>\n                <div class=\"iphorm-input-wrap iphorm-input-wrap-text iphorm_1_7-input-wrap\" >\n            <input class=\"iphorm-element-text  iphorm_1_7\" id=\"iphorm_1_7_69e30367b1daf\" type=\"text\" name=\"iphorm_1_7\"  value=\"\"  \/>\n                    <\/div>\n        <div class=\"iphorm-errors-wrap iphorm-hidden\" >\r\n    <\/div>    <\/div>\n    <\/div><div class=\"iphorm-element-wrap iphorm-element-wrap-select iphorm_1_8-element-wrap iphorm-clearfix iphorm-labels-above iphorm-element-required\" >\n    <div class=\"iphorm-element-spacer iphorm-element-spacer-select iphorm_1_8-element-spacer\">\n                    <label for=\"iphorm_1_8_69e30367b1daf\" >\n                Examen prescrit par votre m\u00e9decin                                    <span class=\"iphorm-required\">(obligatoire)<\/span>\n                                            <\/label>\n                <div class=\"iphorm-input-wrap iphorm-input-wrap-select iphorm_1_8-input-wrap\" >\n            <select class=\"iphorm-element-select  iphorm_1_8\" name=\"iphorm_1_8\" id=\"iphorm_1_8_69e30367b1daf\"  >\n                                    <option value=\"---\" >---<\/option>\n                                    <option value=\"RADIO\" >RADIO<\/option>\n                                    <option value=\"ECHO\" >ECHO<\/option>\n                                    <option value=\"MAMMO\" >MAMMO<\/option>\n                                    <option value=\"SCANNER\" >SCANNER<\/option>\n                                    <option value=\"IRM \" >IRM <\/option>\n                                    <option value=\"OSTEODENSITOMETRIE\" >OSTEODENSITOMETRIE<\/option>\n                                    <option value=\"PANORAMIQUE DENTAIRE\" >PANORAMIQUE DENTAIRE<\/option>\n                            <\/select>\n                    <\/div>\n        <div class=\"iphorm-errors-wrap iphorm-hidden\" >\r\n    <\/div>    <\/div>\n<\/div><div class=\"iphorm-element-wrap iphorm-element-wrap-select iphorm_1_9-element-wrap iphorm-clearfix iphorm-labels-above iphorm-element-required\" >\n    <div class=\"iphorm-element-spacer iphorm-element-spacer-select iphorm_1_9-element-spacer\">\n                    <label for=\"iphorm_1_9_69e30367b1daf\" >\n                Lieu de rendez vous souhait\u00e9                                    <span class=\"iphorm-required\">(obligatoire)<\/span>\n                                            <\/label>\n                <div class=\"iphorm-input-wrap iphorm-input-wrap-select iphorm_1_9-input-wrap\" >\n            <select class=\"iphorm-element-select  iphorm_1_9\" name=\"iphorm_1_9\" id=\"iphorm_1_9_69e30367b1daf\"  >\n                                    <option value=\"---\" >---<\/option>\n                                    <option value=\"DINARD\" >DINARD<\/option>\n                                    <option value=\"COMBOURG\" >COMBOURG<\/option>\n                                    <option value=\"PLANCOET\" >PLANCOET<\/option>\n                                    <option value=\"EMERAUDE\" >EMERAUDE<\/option>\n                                    <option value=\"DECOUVERTE\" >DECOUVERTE<\/option>\n                            <\/select>\n                    <\/div>\n        <div class=\"iphorm-errors-wrap iphorm-hidden\" >\r\n    <\/div>    <\/div>\n<\/div><div class=\"iphorm-element-wrap iphorm-element-wrap-textarea iphorm_1_4-element-wrap iphorm-clearfix iphorm-labels-above iphorm-element-optional\" >\n    <div class=\"iphorm-element-spacer iphorm-element-spacer-textarea iphorm_1_4-element-spacer\">\n                    <label for=\"iphorm_1_4_69e30367b1daf\" >\n                Informations compl\u00e9mentaires                                            <\/label>\n                <div class=\"iphorm-input-wrap iphorm-input-wrap-textarea iphorm_1_4-input-wrap\" >\n            <textarea class=\"iphorm-element-textarea  iphorm_1_4\" id=\"iphorm_1_4_69e30367b1daf\" name=\"iphorm_1_4\"   rows=\"5\" cols=\"25\"><\/textarea>\n                    <\/div>\n        <div class=\"iphorm-errors-wrap iphorm-hidden\" >\r\n    <\/div>    <\/div>\n    <\/div><div class=\"iphorm-element-wrap iphorm-element-wrap-captcha iphorm_1_10-element-wrap iphorm-clearfix iphorm-labels-above iphorm-element-required\" >\r\n    <div class=\"iphorm-element-spacer iphorm-element-spacer-captcha iphorm_1_10-element-spacer\">\r\n                    <label for=\"iphorm_1_10_69e30367b1daf\" >\r\n                Entrez les caract\u00e8res                                    <span class=\"iphorm-required\">(obligatoire)<\/span>\r\n                                            <\/label>\r\n                <div class=\"iphorm-input-wrap iphorm-input-wrap-captcha iphorm_1_10-input-wrap\" >\r\n            <input class=\"iphorm-element-captcha  iphorm_1_10\" id=\"iphorm_1_10_69e30367b1daf\" type=\"text\" name=\"iphorm_1_10\"  value=\"\"  \/>\r\n                    <\/div>\r\n        <div class=\"iphorm-captcha-image-wrap iphorm-clearfix iphorm_1_10-captcha-image-wrap\" >\r\n            <div class=\"ifb-captcha-image-inner\">\r\n                <img decoding=\"async\" id=\"iphorm-captcha-image-iphorm_1_10_69e30367b1daf\" class=\"iphorm-captcha-image\" src=\"https:\/\/imagerielescedres.fr\/wp-content\/plugins\/iphorm-form-builder\/includes\/captcha.php?c=eyJ1bmlxSWQiOiI2OWUzMDM2N2IxZGFmIiwidG1wRGlyIjoiXC90bXBcLyIsIm9wdGlvbnMiOnsibGVuZ3RoIjoiNSIsIndpZHRoIjoiMTE1IiwiaGVpZ2h0IjoiNDAiLCJiZ0NvbG91ciI6IiNGRkZGRkYiLCJ0ZXh0Q29sb3VyIjoiIzIyMjIyMiIsImZvbnQiOiJUeXBpc3QudHRmIiwibWluRm9udFNpemUiOiIxMiIsIm1heEZvbnRTaXplIjoiMTkiLCJtaW5BbmdsZSI6IjAiLCJtYXhBbmdsZSI6IjIwIn19&amp;t=1776485223.7496\" alt=\"CAPTCHA\" \/>\r\n            <\/div>\r\n        <\/div>\r\n\r\n        <script type=\"text\/javascript\">\r\n        jQuery(document).ready(function ($) {\r\n            $('#iphorm-captcha-image-iphorm_1_10_69e30367b1daf').hover(function () {\r\n                $(this).stop().fadeTo('slow', '0.3');\r\n            }, function () {\r\n                $(this).stop().fadeTo('slow', '1.0');\r\n            }).click(function () {\r\n                var newSrc = $(this).attr('src').replace(\/&t=.+\/, '&t=' + new Date().getTime());\r\n                $(this).attr('src', newSrc);\r\n            });\r\n        });\r\n        <\/script>\r\n        <div class=\"iphorm-errors-wrap iphorm-hidden\" >\r\n    <\/div>    <\/div>\r\n<\/div><div class=\"iphorm-hidden\">\n    <label>Ce champ doit \u00eatre laiss\u00e9 vide<input type=\"text\" name=\"iphorm_1_0\" \/><\/label>\n<\/div>                <div class=\"iphorm-submit-wrap iphorm-submit-wrap-1 iphorm-clearfix\" >\n                    <div class=\"iphorm-submit-input-wrap iphorm-submit-input-wrap-1\" >\n                        <button class=\"iphorm-submit-element\" type=\"submit\" name=\"iphorm_submit\" ><span ><em >Envoyer<\/em><\/span><\/button>\n                    <\/div>\n                    <div class=\"iphorm-loading-wrap\"><span class=\"iphorm-loading\">S&#039;il vous pla\u00eet patienter ...<\/span><\/div>\n                <\/div>\n            <\/div>\n                                            <\/div>\n            <\/form>\n    <script type=\"text\/javascript\">\n    jQuery('#iphorm-outer-69e30367b1daf script').remove();\n    <\/script>\n<\/div>\n<p>[\/vc_column_text][\/vc_column][vc_column width=\u00a0\u00bb1\/2&Prime;][vc_empty_space height=\u00a0\u00bb40px\u00a0\u00bb]<span class=\"features_image\"><img decoding=\"async\" src=\"https:\/\/imagerielescedres.fr\/wp-content\/themes\/medicenter\/images\/icons_large\/turquoise\/home.png\"><\/span>[vc_empty_space height=\u00a0\u00bb20px\u00a0\u00bb][vc_empty_space height=\u00a0\u00bb20px\u00a0\u00bb][vc_empty_space height=\u00a0\u00bb20px\u00a0\u00bb][vc_empty_space height=\u00a0\u00bb40px\u00a0\u00bb][vc_column_text]<strong>COMBOURG<\/strong><br \/>\nRoute de Vitr\u00e9<br \/>\n35270 COMBOURG<br \/>\nT\u00e9l. : 02 99 73 28 28<br \/>\nFax : 02 99 73 06 08[\/vc_column_text][vc_separator][vc_column_text]<strong>DINARD<\/strong><br \/>\nCentre Gardiner<br \/>\n40, rue Gardiner, Bat. B<br \/>\n35800 DINARD<br \/>\nService de radiologie<br \/>\nT\u00e9l. : 02 99 16 88 31<br \/>\nFax. : 02 99 16 88 71[\/vc_column_text][vc_separator][vc_column_text]<strong>PLANCO\u00cbT<\/strong><br \/>\nRue du Docteur Calmette<br \/>\n22130 PLANCO\u00cbT<br \/>\nT\u00e9l. : 02 96 84 00 48<br \/>\nFax : 02 96 84 34 80[\/vc_column_text][vc_separator][vc_column_text]<strong>SAINT-MALO : Clinique C\u00f4te d&rsquo;Emeraude<\/strong><br \/>\n1, rue Maison Neuve<br \/>\n35400 SAINT-MALO<br \/>\nRadiologie :\u00a0T\u00e9l. : 02 23 52 20 10 \/\u00a0Fax : 02 23 52 20 02<br \/>\nScanner :\u00a0T\u00e9l. : 02 23 52 20 01 \/\u00a0Fax : 02 99 16 70 11[\/vc_column_text][vc_separator][vc_column_text]<strong>SAINT-MALO : Centre La D\u00e9couverte<\/strong><br \/>\n70, avenue du G\u00e9n\u00e9ral de Gaulle<br \/>\n35400 SAINT-MALO<br \/>\nRadiologie : T\u00e9l. : 02 99 82 12 40 \/ Fax : 02 99 82 12 28<br \/>\nMammographie : T\u00e9l. : 02 23 52 19 93 \/ Fax : 02 99 16 70 26<br \/>\nScanner \/ IRM : T\u00e9l. : 02 23 52 20 01 \/ Fax : 02 99 16 70 11[\/vc_column_text][\/vc_column][\/vc_row][vc_row][vc_column][vc_column_text]<br \/>\n[\/vc_column_text][\/vc_column][\/vc_row][vc_row][vc_column][vc_column_text]<br \/>\n[\/vc_column_text][\/vc_column][\/vc_row]<\/p>\n","protected":false},"excerpt":{"rendered":"<p>[vc_row][vc_column][vc_gallery interval=\u00a0\u00bb3&Prime; images=\u00a0\u00bb2687,2663,2692&Prime; img_size=\u00a0\u00bbfull\u00a0\u00bb][vc_empty_space height=\u00a0\u00bb20px\u00a0\u00bb][vc_separator][\/vc_column][\/vc_row][vc_row][vc_column width=\u00a0\u00bb1\/2&Prime; offset=\u00a0\u00bbvc_hidden-lg vc_hidden-md vc_hidden-sm vc_hidden-xs\u00a0\u00bb][vc_empty_space height=\u00a0\u00bb40px\u00a0\u00bb][vc_empty_space height=\u00a0\u00bb20px\u00a0\u00bb][vc_empty_space height=\u00a0\u00bb20px\u00a0\u00bb][vc_empty_space height=\u00a0\u00bb20px\u00a0\u00bb][vc_empty_space height=\u00a0\u00bb20px\u00a0\u00bb][vc_empty_space height=\u00a0\u00bb20px\u00a0\u00bb][vc_column_text] Pour prendre rendez-vous, il est indispensable d\u2019avoir avec vous l\u2019ordonnance ou le courrier de votre m\u00e9decin. Le rendez-vous peut se prendre : \u2022 Soit par t\u00e9l\u00e9phone (voir la liste des num\u00e9ros des centres d\u2019imagerie) \u2022 Soit en remplissant le<\/p>\n","protected":false},"author":1,"featured_media":0,"parent":0,"menu_order":0,"comment_status":"open","ping_status":"open","template":"","meta":{"footnotes":""},"_links":{"self":[{"href":"https:\/\/imagerielescedres.fr\/index.php?rest_route=\/wp\/v2\/pages\/2601"}],"collection":[{"href":"https:\/\/imagerielescedres.fr\/index.php?rest_route=\/wp\/v2\/pages"}],"about":[{"href":"https:\/\/imagerielescedres.fr\/index.php?rest_route=\/wp\/v2\/types\/page"}],"author":[{"embeddable":true,"href":"https:\/\/imagerielescedres.fr\/index.php?rest_route=\/wp\/v2\/users\/1"}],"replies":[{"embeddable":true,"href":"https:\/\/imagerielescedres.fr\/index.php?rest_route=%2Fwp%2Fv2%2Fcomments&post=2601"}],"version-history":[{"count":33,"href":"https:\/\/imagerielescedres.fr\/index.php?rest_route=\/wp\/v2\/pages\/2601\/revisions"}],"predecessor-version":[{"id":3516,"href":"https:\/\/imagerielescedres.fr\/index.php?rest_route=\/wp\/v2\/pages\/2601\/revisions\/3516"}],"wp:attachment":[{"href":"https:\/\/imagerielescedres.fr\/index.php?rest_route=%2Fwp%2Fv2%2Fmedia&parent=2601"}],"curies":[{"name":"wp","href":"https:\/\/api.w.org\/{rel}","templated":true}]}}