{"id":2824,"date":"2014-11-04T13:32:59","date_gmt":"2014-11-04T12:32:59","guid":{"rendered":"http:\/\/imagerielescedres.fr\/?page_id=2824"},"modified":"2015-11-09T09:04:37","modified_gmt":"2015-11-09T08:04:37","slug":"votre-rendez-vous","status":"publish","type":"page","link":"https:\/\/imagerielescedres.fr\/?page_id=2824","title":{"rendered":"VOTRE RENDEZ-VOUS"},"content":{"rendered":"<p>[vc_row][vc_column width=\u00a0\u00bb1\/1&Prime;][vc_gallery type=\u00a0\u00bbflexslider_fade\u00a0\u00bb interval=\u00a0\u00bb3&Prime; images=\u00a0\u00bb3246,3244,3440,3245&Prime; onclick=\u00a0\u00bblink_image\u00a0\u00bb custom_links_target=\u00a0\u00bb_self\u00a0\u00bb img_size=\u00a0\u00bbfull\u00a0\u00bb][\/vc_column][\/vc_row][vc_row][vc_column width=\u00a0\u00bb1\/6&Prime;]<span class=\"features_image page_margin_top_section\"><img decoding=\"async\" src=\"https:\/\/imagerielescedres.fr\/wp-content\/themes\/medicenter\/images\/icons_large\/blue\/diary.png\"><\/span>[\/vc_column][vc_column width=\u00a0\u00bb5\/6&Prime;]<h1 class=\"box_header no_border page_margin_top_section\">L\u2019ORGANISATION DE VOTRE RENDEZ-VOUS<\/h1>[vc_empty_space height=\u00a0\u00bb40px\u00a0\u00bb]<h3 class=\"box_header animation-slide\">La prise de rendez-vous<\/h3>[vc_column_text]<\/p>\n<p style=\"text-align: justify;\">La prise de rendez vous se fait de mani\u00e8re pr\u00e9f\u00e9rentielle par t\u00e9l\u00e9phone aux horaires d\u2019ouverture des cabinets (<a href=\"https:\/\/imagerielescedres.fr\/?page_id=2601\" target=\"_blank\">Nous contacter<\/a>). Il est bien s\u00fbr possible de vous d\u00e9placer dans un des centres pour effectuer cette d\u00e9marche. Lors de votre appel t\u00e9l\u00e9phonique ou de votre passage munissez vous de votre ordonnance. Pour certains examens, la demande devra \u00eatre valid\u00e9e par un des radiologues avant confirmation de votre rendez vous. Cette demande peut nous \u00eatre adress\u00e9e par fax, courrier ou mail (<a href=\"https:\/\/imagerielescedres.fr\/?page_id=2601\" target=\"_blank\">Nous contacter<\/a>).<\/p>\n<p style=\"text-align: justify;\">S\u2019il s\u2019agit d\u2019un examen avec une injection ou\u00a0 d\u2019un examen interventionnel, il faudra nous remettre la lettre d\u2019information et de consentement sign\u00e9e et dat\u00e9e. Le cabinet de radiologie vous fournira la prescription des produits \u00e0 se procurer aupr\u00e8s d\u2019une pharmacie avant l\u2019examen et le cas \u00e9ch\u00e9ant un bilan sanguin devra \u00eatre r\u00e9alis\u00e9 pour v\u00e9rifier la fonction r\u00e9nale en cas d\u2019injection d\u2019un produit de contraste.<br \/>\nIl est pr\u00e9f\u00e9rable d\u2019effectuer cette d\u00e9marche en avance car parfois les pharmacies doivent commander les produits.<br \/>\nN\u2019h\u00e9sitez pas \u00e0 <a href=\"https:\/\/imagerielescedres.fr\/?page_id=2601\" target=\"_blank\">nous contacter<\/a>\u00a0si vous avez des questions.<\/p>\n<p>[\/vc_column_text][vc_empty_space height=\u00a0\u00bb20px\u00a0\u00bb]<h3 class=\"box_header animation-slide\">Le jour de l'examen<\/h3>[vc_column_text]<\/p>\n<p style=\"text-align: justify;\">Pr\u00e9sentez vous une dizaine de minutes avant l\u2019heure du rendez vous.<br \/>\nVous devrez disposez des produits pharmaceutiques \u00e9ventuels prescrits par le radiologue ainsi que les r\u00e9sultats de vos prises de sang r\u00e9centes.<br \/>\nN\u2019oubliez pas de venir avec votre carte vitale, vos justificatifs de prise en charge sp\u00e9cifique, l\u2019ordonnance, vos bilans radiograpiques ant\u00e9rieurs qui pourraient \u00eatre n\u00e9cessaires au radiologue ainsi que la lettre d\u2019information et de consentement dat\u00e9e et sign\u00e9e.<br \/>\nEn cas d\u2019injection de produit de contraste il est pr\u00e9f\u00e9rable de venir \u00e0 jeun. Sauf avis contraire, vous devez continuer vos traitements habituels.<\/p>\n<p>[\/vc_column_text][vc_empty_space height=\u00a0\u00bb20px\u00a0\u00bb]<h3 class=\"box_header animation-slide\">La remise des r\u00e9sultats<\/h3>[vc_column_text]Les r\u00e9sultats seront disponibles dans la majorit\u00e9 des cas au d\u00e9cours de l\u2019examen. Vous pourrez rencontrer le radiologue pour qu\u2019il vous donne un compte rendu oral.<br \/>\nUn document papier incluant le compte rendu et les images vous sera remis ainsi qu\u2019un num\u00e9ro d\u2019identifiant vous permettant de les consulter sur Internet. Si votre m\u00e9decin poss\u00e8de une messagerie Internet s\u00e9curis\u00e9e, il recevra par mail le compte rendu.[\/vc_column_text][\/vc_column][\/vc_row][vc_row][vc_column width=\u00a0\u00bb1\/1&Prime;][vc_empty_space height=\u00a0\u00bb40px\u00a0\u00bb][vc_separator color=\u00a0\u00bbgrey\u00a0\u00bb][vc_empty_space height=\u00a0\u00bb40px\u00a0\u00bb][\/vc_column][\/vc_row][vc_row][vc_column width=\u00a0\u00bb1\/6&Prime;]<span class=\"features_image\"><img decoding=\"async\" src=\"https:\/\/imagerielescedres.fr\/wp-content\/themes\/medicenter\/images\/icons_large\/blue_light\/calendar.png\"><\/span>[\/vc_column][vc_column width=\u00a0\u00bb5\/6&Prime;]<h1 class=\"box_header no_border\">VOTRE EXAMEN<\/h1>[vc_empty_space height=\u00a0\u00bb20px\u00a0\u00bb][vc_button2 title=\u00a0\u00bbIMAGERIE G\u00c9N\u00c9RALE\u00a0\u00bb style=\u00a0\u00bbsquare\u00a0\u00bb color=\u00a0\u00bbblue\u00a0\u00bb size=\u00a0\u00bbmd\u00a0\u00bb link=\u00a0\u00bburl:http%3A%2F%2Fimagerielescedres.fr%2F%3Fpage_id%3D2699||\u00a0\u00bb][vc_button2 title=\u00a0\u00bbIMAGERIE DENTAIRE\u00a0\u00bb style=\u00a0\u00bbsquare\u00a0\u00bb color=\u00a0\u00bbturquoise\u00a0\u00bb size=\u00a0\u00bbmd\u00a0\u00bb link=\u00a0\u00bburl:http%3A%2F%2Fimagerielescedres.fr%2F%3Fpage_id%3D2955||\u00a0\u00bb][vc_button2 title=\u00a0\u00bbMAMMOGRAPHIE\u00a0\u00bb style=\u00a0\u00bbsquare\u00a0\u00bb color=\u00a0\u00bbpink\u00a0\u00bb size=\u00a0\u00bbmd\u00a0\u00bb link=\u00a0\u00bburl:http%3A%2F%2Fimagerielescedres.fr%2F%3Fpage_id%3D2971||\u00a0\u00bb][vc_button2 title=\u00a0\u00bb\u00c9CHOGRAPHIE\u00a0\u00bb style=\u00a0\u00bbsquare\u00a0\u00bb color=\u00a0\u00bbviolet\u00a0\u00bb size=\u00a0\u00bbmd\u00a0\u00bb link=\u00a0\u00bburl:http%3A%2F%2Fimagerielescedres.fr%2F%3Fpage_id%3D2991||\u00a0\u00bb][vc_button2 title=\u00a0\u00bbIMAGERIE INTERVENTIONNELLE\u00a0\u00bb style=\u00a0\u00bbsquare\u00a0\u00bb color=\u00a0\u00bbpeacoc\u00a0\u00bb size=\u00a0\u00bbmd\u00a0\u00bb link=\u00a0\u00bburl:http%3A%2F%2Fimagerielescedres.fr%2F%3Fpage_id%3D3010||\u00a0\u00bb][vc_button2 title=\u00a0\u00bbIMAGERIE IRM\u00a0\u00bb style=\u00a0\u00bbsquare\u00a0\u00bb color=\u00a0\u00bbchino\u00a0\u00bb size=\u00a0\u00bbmd\u00a0\u00bb link=\u00a0\u00bburl:http%3A%2F%2Fimagerielescedres.fr%2F%3Fpage_id%3D3025||\u00a0\u00bb][vc_button2 title=\u00a0\u00bbIMAGERIE SCANNER\u00a0\u00bb style=\u00a0\u00bbsquare\u00a0\u00bb color=\u00a0\u00bbsandy_brown\u00a0\u00bb size=\u00a0\u00bbmd\u00a0\u00bb link=\u00a0\u00bburl:http%3A%2F%2Fimagerielescedres.fr%2F%3Fpage_id%3D3036||\u00a0\u00bb][vc_button2 title=\u00a0\u00bbOST\u00c9ODENSITOM\u00c9TRIE\u00a0\u00bb style=\u00a0\u00bbsquare\u00a0\u00bb color=\u00a0\u00bbpurple\u00a0\u00bb size=\u00a0\u00bbmd\u00a0\u00bb link=\u00a0\u00bburl:http%3A%2F%2Fimagerielescedres.fr%2F%3Fpage_id%3D3047||\u00a0\u00bb][\/vc_column][\/vc_row]<\/p>\n","protected":false},"excerpt":{"rendered":"<p>[vc_row][vc_column width=\u00a0\u00bb1\/1&Prime;][vc_gallery type=\u00a0\u00bbflexslider_fade\u00a0\u00bb interval=\u00a0\u00bb3&Prime; images=\u00a0\u00bb3246,3244,3440,3245&Prime; onclick=\u00a0\u00bblink_image\u00a0\u00bb custom_links_target=\u00a0\u00bb_self\u00a0\u00bb img_size=\u00a0\u00bbfull\u00a0\u00bb][\/vc_column][\/vc_row][vc_row][vc_column width=\u00a0\u00bb1\/6&Prime;][\/vc_column][vc_column width=\u00a0\u00bb5\/6&Prime;][vc_empty_space height=\u00a0\u00bb40px\u00a0\u00bb][vc_column_text] La prise de rendez vous se fait de mani\u00e8re pr\u00e9f\u00e9rentielle par t\u00e9l\u00e9phone aux horaires d\u2019ouverture des cabinets (Nous contacter). Il est bien s\u00fbr possible de vous d\u00e9placer dans un des centres pour effectuer cette d\u00e9marche. Lors de votre appel t\u00e9l\u00e9phonique ou de votre passage<\/p>\n","protected":false},"author":1,"featured_media":0,"parent":0,"menu_order":0,"comment_status":"closed","ping_status":"closed","template":"","meta":{"footnotes":""},"_links":{"self":[{"href":"https:\/\/imagerielescedres.fr\/index.php?rest_route=\/wp\/v2\/pages\/2824"}],"collection":[{"href":"https:\/\/imagerielescedres.fr\/index.php?rest_route=\/wp\/v2\/pages"}],"about":[{"href":"https:\/\/imagerielescedres.fr\/index.php?rest_route=\/wp\/v2\/types\/page"}],"author":[{"embeddable":true,"href":"https:\/\/imagerielescedres.fr\/index.php?rest_route=\/wp\/v2\/users\/1"}],"replies":[{"embeddable":true,"href":"https:\/\/imagerielescedres.fr\/index.php?rest_route=%2Fwp%2Fv2%2Fcomments&post=2824"}],"version-history":[{"count":49,"href":"https:\/\/imagerielescedres.fr\/index.php?rest_route=\/wp\/v2\/pages\/2824\/revisions"}],"predecessor-version":[{"id":3441,"href":"https:\/\/imagerielescedres.fr\/index.php?rest_route=\/wp\/v2\/pages\/2824\/revisions\/3441"}],"wp:attachment":[{"href":"https:\/\/imagerielescedres.fr\/index.php?rest_route=%2Fwp%2Fv2%2Fmedia&parent=2824"}],"curies":[{"name":"wp","href":"https:\/\/api.w.org\/{rel}","templated":true}]}}