{"id":3025,"date":"2014-11-20T10:20:48","date_gmt":"2014-11-20T09:20:48","guid":{"rendered":"http:\/\/imagerielescedres.fr\/?page_id=3025"},"modified":"2014-11-28T15:13:00","modified_gmt":"2014-11-28T14:13:00","slug":"irm","status":"publish","type":"page","link":"https:\/\/imagerielescedres.fr\/?page_id=3025","title":{"rendered":"IMAGERIE IRM"},"content":{"rendered":"<p>[vc_row][vc_column width=\u00a0\u00bb1\/1&Prime;][vc_gallery type=\u00a0\u00bbflexslider_fade\u00a0\u00bb interval=\u00a0\u00bb5&Prime; images=\u00a0\u00bb3123,3124,3031,3030&Prime; onclick=\u00a0\u00bblink_image\u00a0\u00bb custom_links_target=\u00a0\u00bb_self\u00a0\u00bb img_size=\u00a0\u00bbfull\u00a0\u00bb][vc_empty_space height=\u00a0\u00bb20px\u00a0\u00bb][\/vc_column][\/vc_row][vc_row][vc_column width=\u00a0\u00bb1\/6&Prime;]<span class=\"features_image\"><img decoding=\"async\" src=\"https:\/\/imagerielescedres.fr\/wp-content\/themes\/medicenter\/images\/icons_large\/blue_light\/info.png\"><\/span>[\/vc_column][vc_column width=\u00a0\u00bb5\/6&Prime;]<h1 class=\"box_header no_border\">VOS QUESTIONS SUR l'EXAMEN<\/h1>[vc_empty_space height=\u00a0\u00bb20px\u00a0\u00bb]<h3 class=\"box_header\">De quoi s'agit-il ?<\/h3>[vc_column_text]IRM veut dire Imagerie par R\u00e9sonance Magn\u00e9tique.<br \/>\nL\u2019IRM est un examen non irradiant qui utilise les propri\u00e9t\u00e9s des champs magn\u00e9tiques.\u00a0Pour les intensit\u00e9s utilis\u00e9es il n\u2019a jamais \u00e9t\u00e9 d\u00e9crit de cons\u00e9quence particuli\u00e8re pour l\u2019homme.\u00a0Le mot magn\u00e9tique indique que l\u2019appareil comporte un gros aimant ; le mot r\u00e9sonance indique que l&rsquo;on va utiliser des ondes de radiofr\u00e9quence, comme celles des t\u00e9l\u00e9phones portables pour faire vibrer les nombreux noyaux d&rsquo;hydrog\u00e8ne composant les tissus de votre corps, et fabriquer ainsi des images.[\/vc_column_text][vc_empty_space height=\u00a0\u00bb20px\u00a0\u00bb]<h3 class=\"box_header\">Y a-t-il des pr\u00e9cautions \u00e0 prendre en cas d'utilisation d'un produit de contraste ?<\/h3>[vc_column_text]Si l\u2019examen n\u00e9cessite l\u2019utilisation d\u2019un produit de contraste \u00e0 base de Gadolinium un certain nombre de pr\u00e9cautions seront n\u00e9cessaires \u00e0 prendre avant l\u2019examen. Celles-ci seront pr\u00e9cis\u00e9es dans la fiche d\u2019information que vous devrez nous remettre le jour de l\u2019examen et\u00a0t\u00e9l\u00e9chargeable ci-dessous dans la rubrique \u00ab\u00a0T\u00c9L\u00c9CHARGEMENTS\u00a0\u00bb.<\/p>\n<p><strong>\u2022 Y a-t-il des risques li\u00e9s \u00e0 l\u2019injection ?<br \/>\n<\/strong>Le produit de contraste le plus souvent utilis\u00e9 est \u00e0 base de Gadolinium. Ce produit est g\u00e9n\u00e9ralement bien tol\u00e9r\u00e9. D\u2019\u00e9ventuelles manifestations allergiques banales sont possibles (urticaire). De tr\u00e8s graves r\u00e9actions d&rsquo;allergie sont tout \u00e0 fait exceptionnelles.\u00a0La piq\u00fbre peut provoquer la formation d\u2019un petit h\u00e9matome sans gravit\u00e9, qui se r\u00e9sorbera spontan\u00e9ment en quelques jours. Lors de l\u2019injection, sous l\u2019effet de la pression, il peut se produire une fuite du produit sous la peau, au niveau de la veine. Cette complication est rare (un cas sur plusieurs centaines d\u2019injections, g\u00e9n\u00e9ralement sans suites graves), et pourrait n\u00e9cessiter exceptionnellement un traitement local.<\/p>\n<p>\u2022 \u00a0<strong>Des accidents r\u00e9naux<\/strong>, \u00e9galement li\u00e9s au produit de contraste, sont \u00e9galement possibles, notamment chez certains sujets atteints de maladies fragilisant le rein (insuffisance r\u00e9nale chronique, diab\u00e8te avec insuffisance r\u00e9nale, etc.).<\/p>\n<p>Des modalit\u00e9s particuli\u00e8res seront observ\u00e9es en cas de facteurs de risques particuliers, qui seront identifi\u00e9s au moment du dialogue entre l\u2019\u00e9quipe et vous. Dans tous les cas, si vous pensez avoir un facteur de risque, vous devez le signaler au moment de la prise de rendez-vous.[\/vc_column_text][\/vc_column][\/vc_row][vc_row][vc_column width=\u00a0\u00bb1\/1&Prime;][vc_empty_space height=\u00a0\u00bb20px\u00a0\u00bb][vc_empty_space height=\u00a0\u00bb20px\u00a0\u00bb][vc_separator color=\u00a0\u00bbgrey\u00a0\u00bb][vc_empty_space height=\u00a0\u00bb20px\u00a0\u00bb][vc_empty_space height=\u00a0\u00bb20px\u00a0\u00bb][\/vc_column][\/vc_row][vc_row][vc_column width=\u00a0\u00bb1\/6&Prime;]<span class=\"features_image\"><img decoding=\"async\" src=\"https:\/\/imagerielescedres.fr\/wp-content\/themes\/medicenter\/images\/icons_large\/turquoise_light\/administration.png\"><\/span>[\/vc_column][vc_column width=\u00a0\u00bb5\/6&Prime;]<h1 class=\"box_header no_border\">L\u2019ORGANISATION DE VOTRE RENDEZ-VOUS<\/h1>[vc_empty_space height=\u00a0\u00bb20px\u00a0\u00bb]<h3 class=\"box_header\">La prise de rendez-vous<\/h3>[vc_column_text]La prise de rendez-vous se fait de mani\u00e8re pr\u00e9f\u00e9rentielle par t\u00e9l\u00e9phone aux horaires d\u2019ouverture des cabinets (<a href=\"https:\/\/imagerielescedres.fr\/?page_id=2601\">Nous contacter<\/a>). Il est bien s\u00fbr possible de vous d\u00e9placer dans un des centres pour effectuer cette d\u00e9marche. Lors de votre appel t\u00e9l\u00e9phonique ou de votre passage munissez-vous de votre ordonnance. Pour certains examens, la demande devra \u00eatre valid\u00e9e par un des radiologues avant confirmation de votre rendez-vous. Cette demande peut nous \u00eatre adress\u00e9e par fax, courrier ou mail (<a href=\"https:\/\/imagerielescedres.fr\/?page_id=2601\">Nous contacter<\/a>).<br \/>\nVous recevrez 48 heures avant l\u2019examen un SMS de rappel de votre rendez vous.<br \/>\nS\u2019il s\u2019agit d\u2019un examen avec une injection, il faudra nous remettre la lettre d\u2019information et de consentement sign\u00e9e et dat\u00e9e disponible et t\u00e9l\u00e9chargeable ci-dessous dans la rubrique \u00ab\u00a0T\u00c9L\u00c9CHARGEMENTS\u00a0\u00bb.\u00a0Le cabinet de radiologie vous fournira la prescription des produits \u00e0 se procurer aupr\u00e8s d\u2019une pharmacie avant l\u2019examen et le cas \u00e9ch\u00e9ant un bilan sanguin devra \u00eatre r\u00e9alis\u00e9 pour v\u00e9rifier la fonction r\u00e9nale en cas d\u2019injection d\u2019un produit de contraste.<br \/>\nIl est pr\u00e9f\u00e9rable d\u2019effectuer cette d\u00e9marche en avance car parfois les pharmacies doivent commander les produits.<br \/>\nN\u2019h\u00e9sitez pas \u00e0 n<a href=\"https:\/\/imagerielescedres.fr\/?page_id=2601\">ous contacter<\/a>\u00a0si vous avez des questions.[\/vc_column_text][vc_empty_space height=\u00a0\u00bb20px\u00a0\u00bb]<h3 class=\"box_header\">Le jour de l'examen<\/h3>[vc_column_text]Pr\u00e9sentez-vous une quinzaine de minutes avant l\u2019heure du rendez-vous. Vous devrez disposer des produits pharmaceutiques \u00e9ventuels prescrits par le radiologue ainsi que les r\u00e9sultats de vos prises de sang r\u00e9centes.<br \/>\nN\u2019oubliez pas de venir avec votre carte vitale, vos justificatifs de prise en charge sp\u00e9cifique, l\u2019ordonnance, vos bilans radiographiques ant\u00e9rieurs qui pourraient \u00eatre n\u00e9cessaires au radiologue ainsi que la lettre d\u2019information et de consentement dat\u00e9e et sign\u00e9e.<br \/>\nEn cas d\u2019injection de produit de contraste il est pr\u00e9f\u00e9rable de venir \u00e0 jeun. Sauf avis contraire, vous devez continuer vos traitements habituels.[\/vc_column_text][vc_empty_space height=\u00a0\u00bb20px\u00a0\u00bb]<h3 class=\"box_header\">D\u00e9roulement de l'examen<\/h3>[vc_column_text]\u00c0 votre arriv\u00e9e, on vous posera, comme lors de la prise du rendez-vous, plusieurs questions ; le plus important est de signaler que vous n&rsquo;avez ni pile cardiaque (pacemaker), ni valve cardiaque, ni d&rsquo;\u00e9l\u00e9ment contenant du fer pr\u00e8s des yeux ou dans la t\u00eate.<br \/>\nPour permettre d\u2019obtenir des images de bonne qualit\u00e9, on vous indiquera les v\u00eatements que vous devrez enlever. Vous ne garderez aucun bouton, agrafe, barrette de cheveux ou fermeture \u00e9clair m\u00e9tallique. Vous laisserez au vestiaire, dans un casier, vos bijoux, montre, clefs, porte-monnaie, cartes \u00e0 bande magn\u00e9tique (carte de cr\u00e9dit, de transport..) et votre t\u00e9l\u00e9phone portable.<\/p>\n<p>Vous entrerez dans une salle qui sera ferm\u00e9e pendant l&rsquo;examen. Vous serez allong\u00e9 sur un lit qui se d\u00e9place dans une sorte de tunnel pour la plupart des appareils, le plus souvent sur le dos et seul dans la salle d\u2019examen ; nous communiquerons avec vous gr\u00e2ce \u00e0 un micro. Dans tous les cas, l\u2019\u00e9quipe se trouve tout pr\u00e8s de vous, derri\u00e8re une vitre. Elle vous voit et vous entend, pendant tout l\u2019examen. Si vous voulez nous appeler, vous pourrez utiliser une sonnette que l&rsquo;on placera dans votre main. Si cela est n\u00e9cessaire, on peut \u00e0 tout moment intervenir ou interrompre l&rsquo;examen.<\/p>\n<p>Vous resterez en moyenne 15 \u00e0 30 minutes dans la salle d\u2019examen. Votre coop\u00e9ration est importante : vous devez essayer de rester parfaitement immobile ; dans certains cas, nous vous dirons, \u00e0 l\u2019aide du micro, quand arr\u00eater de respirer pour quelques secondes. A cet instant pr\u00e9cis, vous entendrez un bruit r\u00e9p\u00e9titif, comme celui d&rsquo;un moteur de bateau ou d&rsquo;un tam-tam, pendant ce qu&rsquo;on appelle une s\u00e9quence.<br \/>\nCertains examens n\u00e9cessitent une injection intraveineuse, le plus souvent au pli du coude.<br \/>\nL\u2019examen n\u2019est pas douloureux, mais il est souvent un peu long et le bruit peut \u00eatre d\u00e9sagr\u00e9able.<br \/>\nUn sentiment de malaise par crainte d&rsquo;\u00eatre enferm\u00e9 (claustrophobie) est un probl\u00e8me courant que nous connaissons bien. Souvent on peut le r\u00e9duire par des moyens simples, sans aucun traitement. Si, par exemple, vous \u00eates mal \u00e0 l&rsquo;aise dans un ascenseur, parlez-en tout de suite au personnel d&rsquo;accueil, afin que l&rsquo;on vous prenne particuli\u00e8rement en charge.<br \/>\nLe produit de contraste le plus souvent utilis\u00e9 est \u00e0 base de Gadolinium.<br \/>\nLe port d\u2019une pile (pacemaker), d\u2019une valve cardiaque, ou de tout \u00e9l\u00e9ment contenant du fer pr\u00e8s des yeux ou dans la t\u00eate constitue un facteur de risque majeur (risque de d\u00e9c\u00e8s, de c\u00e9cit\u00e9).\u00a0Nous vous invitons \u00e0 consulter les fiches sp\u00e9cifiques \u00e0 l\u2019examen\u00a0disponibles et\u00a0t\u00e9l\u00e9chargeables ci-dessous dans la rubrique \u00ab\u00a0T\u00c9L\u00c9CHARGEMENTS\u00a0\u00bb.[\/vc_column_text][vc_empty_space height=\u00a0\u00bb20px\u00a0\u00bb]<h3 class=\"box_header\">La remise des r\u00e9sultats<\/h3>[vc_column_text]Les r\u00e9sultats seront disponibles dans la majorit\u00e9 des cas au d\u00e9cours de l\u2019examen. Vous pourrez rencontrer le radiologue pour qu\u2019il vous donne un compte rendu oral. Un document papier incluant le compte rendu et les images (sur un CD) vous sera remis ainsi qu\u2019un num\u00e9ro d\u2019identifiant vous permettant de les consulter sur Internet.<br \/>\nSi votre m\u00e9decin poss\u00e8de une messagerie Internet s\u00e9curis\u00e9e, il recevra par mail le compte rendu.[\/vc_column_text][\/vc_column][\/vc_row][vc_row][vc_column width=\u00a0\u00bb1\/1&Prime;][vc_empty_space height=\u00a0\u00bb20px\u00a0\u00bb][vc_empty_space height=\u00a0\u00bb20px\u00a0\u00bb][vc_separator color=\u00a0\u00bbgrey\u00a0\u00bb][vc_empty_space height=\u00a0\u00bb20px\u00a0\u00bb][vc_empty_space height=\u00a0\u00bb20px\u00a0\u00bb][\/vc_column][\/vc_row][vc_row][vc_column width=\u00a0\u00bb1\/6&Prime;]<span class=\"features_image\"><img decoding=\"async\" src=\"https:\/\/imagerielescedres.fr\/wp-content\/themes\/medicenter\/images\/icons_large\/yellow\/download.png\"><\/span>[\/vc_column][vc_column width=\u00a0\u00bb5\/6&Prime;]<h1 class=\"box_header no_border\">T\u00c9L\u00c9CHARGEMENTS<\/h1>[vc_empty_space height=\u00a0\u00bb40px\u00a0\u00bb]<h3 class=\"box_header\">INFORMATION G\u00c9N\u00c9RALE<\/h3>[vc_empty_space height=\u00a0\u00bb20px\u00a0\u00bb][vc_accordion top_margin=\u00a0\u00bbnone\u00a0\u00bb active_tab=\u00a0\u00bb0&Prime;][vc_accordion_tab title=\u00a0\u00bbInformation sur les produits de contraste\u00a0\u00bb tab_id=\u00a0\u00bb1416928329-1-5&Prime;][vc_column_text]C\u2019est une substance injectable ou ing\u00e9rable qui am\u00e9liore la visualisation des organes explor\u00e9s. Il existe plusieurs cat\u00e9gories de produits de contraste.[\/vc_column_text][vc_button title=\u00a0\u00bbT\u00e9l\u00e9charger la fiche\u00a0\u00bb size=\u00a0\u00bbmedium\u00a0\u00bb target=\u00a0\u00bb_blank\u00a0\u00bb icon=\u00a0\u00bbwpb_document_pdf\u00a0\u00bb text_color=\u00a0\u00bb#ffffff\u00a0\u00bb hover_text_color=\u00a0\u00bb#ffffff\u00a0\u00bb color=\u00a0\u00bb#3156a3&Prime; custom_button_color=\u00a0\u00bb#fec110&Prime; hover_color=\u00a0\u00bb#3156a3&Prime; top_margin=\u00a0\u00bbnone\u00a0\u00bb href=\u00a0\u00bbhttp:\/\/www.imagerielescedres.fr\/fiches\/Lesproduitsde contraste.pdf\u00a0\u00bb][\/vc_accordion_tab][\/vc_accordion][vc_empty_space height=\u00a0\u00bb20px\u00a0\u00bb][vc_empty_space height=\u00a0\u00bb20px\u00a0\u00bb][vc_empty_space height=\u00a0\u00bb20px\u00a0\u00bb]<h3 class=\"box_header\">INFORMATION SUR VOTRE EXAMEN ET LETTRE DE CONSENTEMENT<\/h3>[vc_empty_space height=\u00a0\u00bb20px\u00a0\u00bb][vc_accordion top_margin=\u00a0\u00bbnone\u00a0\u00bb active_tab=\u00a0\u00bb0&Prime;][vc_accordion_tab title=\u00a0\u00bbIRM\u00a0\u00bb tab_id=\u00a0\u00bb1416475280-1-29&Prime;][vc_column_text]IRM signifie Imagerie par R\u00e9sonance Magn\u00e9tique. C\u2019est une technique d\u2019imagerie qui permet de r\u00e9aliser des images tr\u00e8s fines du corps humain, sans utiliser les rayons X.[\/vc_column_text][vc_button title=\u00a0\u00bbT\u00e9l\u00e9charger la fiche\u00a0\u00bb size=\u00a0\u00bbmedium\u00a0\u00bb target=\u00a0\u00bb_blank\u00a0\u00bb icon=\u00a0\u00bbwpb_document_pdf\u00a0\u00bb text_color=\u00a0\u00bb#ffffff\u00a0\u00bb hover_text_color=\u00a0\u00bb#ffffff\u00a0\u00bb color=\u00a0\u00bb#3156a3&Prime; hover_color=\u00a0\u00bb#3156a3&Prime; top_margin=\u00a0\u00bbnone\u00a0\u00bb href=\u00a0\u00bbhttp:\/\/www.imagerielescedres.fr\/fiches\/IRM.pdf\u00a0\u00bb custom_button_color=\u00a0\u00bb#fec100&Prime;][\/vc_accordion_tab][vc_accordion_tab title=\u00a0\u00bbEnt\u00e9ro IRM\u00a0\u00bb tab_id=\u00a0\u00bb1416475280-2-88&Prime;][vc_column_text]L&rsquo;IRM est une technique d&rsquo;imagerie qui permet de r\u00e9aliser des images tr\u00e8s fines du corps humain, sans utiliser les rayons X.\u00a0L&rsquo;ent\u00e9ro-IRM permet une analyse performante de la paroi intestinale.[\/vc_column_text][vc_button title=\u00a0\u00bbT\u00e9l\u00e9charger la fiche\u00a0\u00bb size=\u00a0\u00bbmedium\u00a0\u00bb target=\u00a0\u00bb_blank\u00a0\u00bb icon=\u00a0\u00bbwpb_document_pdf\u00a0\u00bb text_color=\u00a0\u00bb#ffffff\u00a0\u00bb hover_text_color=\u00a0\u00bb#ffffff\u00a0\u00bb color=\u00a0\u00bb#3156a3&Prime; hover_color=\u00a0\u00bb#3156a3&Prime; top_margin=\u00a0\u00bbnone\u00a0\u00bb href=\u00a0\u00bbhttp:\/\/www.imagerielescedres.fr\/fiches\/Entero-IRM.pdf\u00a0\u00bb custom_button_color=\u00a0\u00bb#fec110&Prime;][\/vc_accordion_tab][vc_accordion_tab title=\u00a0\u00bbIRM cardiaque\u00a0\u00bb][vc_column_text]L&rsquo;IRM est une technique d&rsquo;imagerie qui permet de r\u00e9aliser des images tr\u00e8s fines du corps humain, sans utiliser les rayons X.<br \/>\nL&rsquo;IRM cardiaque est un examen permettant d&rsquo;avoir une vision tr\u00e8s d\u00e9taill\u00e9e du c\u0153ur.[\/vc_column_text][vc_button title=\u00a0\u00bbT\u00e9l\u00e9charger la fiche\u00a0\u00bb size=\u00a0\u00bbmedium\u00a0\u00bb target=\u00a0\u00bb_blank\u00a0\u00bb icon=\u00a0\u00bbwpb_document_pdf\u00a0\u00bb text_color=\u00a0\u00bb#ffffff\u00a0\u00bb hover_text_color=\u00a0\u00bb#ffffff\u00a0\u00bb color=\u00a0\u00bb#3156a3&Prime; hover_color=\u00a0\u00bb#3156a3&Prime; top_margin=\u00a0\u00bbnone\u00a0\u00bb href=\u00a0\u00bbhttp:\/\/www.imagerielescedres.fr\/fiches\/IRMcardiaque.pdf\u00a0\u00bb custom_button_color=\u00a0\u00bb#fec110&Prime;][\/vc_accordion_tab][vc_accordion_tab title=\u00a0\u00bbIRM mammaire\u00a0\u00bb][vc_column_text]L&rsquo;IRM est une technique d&rsquo;imagerie qui permet de r\u00e9aliser des images tr\u00e8s fines du corps humain, sans utiliser les rayons X.<br \/>\nL&rsquo;IRM mammaire est un examen qui permet une analyse tr\u00e8s fine de la structure et de la composition des seins.[\/vc_column_text][vc_button title=\u00a0\u00bbT\u00e9l\u00e9charger la fiche\u00a0\u00bb size=\u00a0\u00bbmedium\u00a0\u00bb target=\u00a0\u00bb_blank\u00a0\u00bb icon=\u00a0\u00bbwpb_document_pdf\u00a0\u00bb text_color=\u00a0\u00bb#ffffff\u00a0\u00bb hover_text_color=\u00a0\u00bb#ffffff\u00a0\u00bb color=\u00a0\u00bb#3156a3&Prime; hover_color=\u00a0\u00bb#3156a3&Prime; top_margin=\u00a0\u00bbnone\u00a0\u00bb href=\u00a0\u00bbhttp:\/\/www.imagerielescedres.fr\/fiches\/IRMmammaire2.pdf\u00a0\u00bb custom_button_color=\u00a0\u00bb#fec110&Prime;][\/vc_accordion_tab][vc_accordion_tab title=\u00a0\u00bbArthro IRM\u00a0\u00bb][vc_column_text]L\u2019IRM est une technique d\u2019imagerie qui permet de r\u00e9aliser des images tr\u00e8s fines du corps humain, sans utiliser les rayons X.\u00a0L&rsquo;arthro-IRM consiste \u00e0 injecter un produit de contraste \u00e0 l&rsquo;int\u00e9rieur d&rsquo;une articulation, puis \u00e0 r\u00e9aliser une IRM pour analyser l&rsquo;articulation ainsi opacifi\u00e9e.[\/vc_column_text][vc_button title=\u00a0\u00bbT\u00e9l\u00e9charger la fiche\u00a0\u00bb size=\u00a0\u00bbmedium\u00a0\u00bb target=\u00a0\u00bb_blank\u00a0\u00bb icon=\u00a0\u00bbwpb_document_pdf\u00a0\u00bb text_color=\u00a0\u00bb#ffffff\u00a0\u00bb hover_text_color=\u00a0\u00bb#ffffff\u00a0\u00bb color=\u00a0\u00bb#3156a3&Prime; hover_color=\u00a0\u00bb#3156a3&Prime; top_margin=\u00a0\u00bbnone\u00a0\u00bb href=\u00a0\u00bbhttp:\/\/www.imagerielescedres.fr\/fiches\/Arthro-IRM.pdf\u00a0\u00bb custom_button_color=\u00a0\u00bb#fec110&Prime;][\/vc_accordion_tab][\/vc_accordion][\/vc_column][\/vc_row]<\/p>\n","protected":false},"excerpt":{"rendered":"<p>[vc_row][vc_column width=\u00a0\u00bb1\/1&Prime;][vc_gallery type=\u00a0\u00bbflexslider_fade\u00a0\u00bb interval=\u00a0\u00bb5&Prime; images=\u00a0\u00bb3123,3124,3031,3030&Prime; onclick=\u00a0\u00bblink_image\u00a0\u00bb custom_links_target=\u00a0\u00bb_self\u00a0\u00bb img_size=\u00a0\u00bbfull\u00a0\u00bb][vc_empty_space height=\u00a0\u00bb20px\u00a0\u00bb][\/vc_column][\/vc_row][vc_row][vc_column width=\u00a0\u00bb1\/6&Prime;][\/vc_column][vc_column width=\u00a0\u00bb5\/6&Prime;][vc_empty_space height=\u00a0\u00bb20px\u00a0\u00bb][vc_column_text]IRM veut dire Imagerie par R\u00e9sonance Magn\u00e9tique. L\u2019IRM est un examen non irradiant qui utilise les propri\u00e9t\u00e9s des champs magn\u00e9tiques.\u00a0Pour les intensit\u00e9s utilis\u00e9es il n\u2019a jamais \u00e9t\u00e9 d\u00e9crit de cons\u00e9quence particuli\u00e8re pour l\u2019homme.\u00a0Le mot magn\u00e9tique indique que l\u2019appareil comporte un gros aimant ; le<\/p>\n","protected":false},"author":1,"featured_media":0,"parent":0,"menu_order":0,"comment_status":"closed","ping_status":"closed","template":"","meta":{"footnotes":""},"_links":{"self":[{"href":"https:\/\/imagerielescedres.fr\/index.php?rest_route=\/wp\/v2\/pages\/3025"}],"collection":[{"href":"https:\/\/imagerielescedres.fr\/index.php?rest_route=\/wp\/v2\/pages"}],"about":[{"href":"https:\/\/imagerielescedres.fr\/index.php?rest_route=\/wp\/v2\/types\/page"}],"author":[{"embeddable":true,"href":"https:\/\/imagerielescedres.fr\/index.php?rest_route=\/wp\/v2\/users\/1"}],"replies":[{"embeddable":true,"href":"https:\/\/imagerielescedres.fr\/index.php?rest_route=%2Fwp%2Fv2%2Fcomments&post=3025"}],"version-history":[{"count":36,"href":"https:\/\/imagerielescedres.fr\/index.php?rest_route=\/wp\/v2\/pages\/3025\/revisions"}],"predecessor-version":[{"id":3289,"href":"https:\/\/imagerielescedres.fr\/index.php?rest_route=\/wp\/v2\/pages\/3025\/revisions\/3289"}],"wp:attachment":[{"href":"https:\/\/imagerielescedres.fr\/index.php?rest_route=%2Fwp%2Fv2%2Fmedia&parent=3025"}],"curies":[{"name":"wp","href":"https:\/\/api.w.org\/{rel}","templated":true}]}}