{"id":3036,"date":"2014-11-20T10:38:07","date_gmt":"2014-11-20T09:38:07","guid":{"rendered":"http:\/\/imagerielescedres.fr\/?page_id=3036"},"modified":"2015-11-04T11:03:35","modified_gmt":"2015-11-04T10:03:35","slug":"imagerie-scanner","status":"publish","type":"page","link":"https:\/\/imagerielescedres.fr\/?page_id=3036","title":{"rendered":"IMAGERIE SCANNER"},"content":{"rendered":"<p>[vc_row][vc_column width=\u00a0\u00bb1\/1&Prime;][vc_gallery type=\u00a0\u00bbflexslider_fade\u00a0\u00bb interval=\u00a0\u00bb3&Prime; images=\u00a0\u00bb3044,3043,3042,3435&Prime; onclick=\u00a0\u00bblink_image\u00a0\u00bb custom_links_target=\u00a0\u00bb_self\u00a0\u00bb img_size=\u00a0\u00bbfull\u00a0\u00bb][vc_empty_space height=\u00a0\u00bb20px\u00a0\u00bb][\/vc_column][\/vc_row][vc_row][vc_column width=\u00a0\u00bb1\/6&Prime;]<span class=\"features_image\"><img decoding=\"async\" src=\"https:\/\/imagerielescedres.fr\/wp-content\/themes\/medicenter\/images\/icons_large\/blue_light\/info.png\"><\/span>[\/vc_column][vc_column width=\u00a0\u00bb5\/6&Prime;]<h1 class=\"box_header no_border\">VOS QUESTIONS SUR l'EXAMEN<\/h1>[vc_empty_space height=\u00a0\u00bb20px\u00a0\u00bb]<h3 class=\"box_header\">De quoi s'agit-il ?<\/h3>[vc_column_text]Cet appareil permet de faire des images en coupe du corps humain. Les renseignements apport\u00e9s par cet examen sont tr\u00e8s souvent d\u00e9terminants pour porter un diagnostic pr\u00e9cis.<br \/>\nLe scanner utilise (comme la Radiographie) des rayons X. En mati\u00e8re d\u2019irradiation des patients, rien n\u2019a pu \u00eatre d\u00e9montr\u00e9 dans ce domaine compte tenu des faibles doses utilis\u00e9es et des pr\u00e9cautions prises pour limiter au strict minimum la zone examin\u00e9e. Toutefois, des pr\u00e9cautions concernant les femmes enceintes doivent \u00eatre prises syst\u00e9matiquement. C\u2019est pourquoi il est important de signaler si vous pouvez \u00eatre dans ce cas.<br \/>\nDans certains cas, afin d\u2019am\u00e9liorer le contraste radiologique, il est n\u00e9cessaire d\u2019opacifier l\u2019organe explor\u00e9 par un produit de contraste iod\u00e9.[\/vc_column_text][vc_empty_space height=\u00a0\u00bb20px\u00a0\u00bb]<h3 class=\"box_header\">Les Rayons X sont-ils dangereux ?<\/h3>[vc_column_text]<\/p>\n<p>La quantit\u00e9 des rayons X utilis\u00e9e dans le domaine m\u00e9dical est tr\u00e8s faible et actuellement aucune preuve n\u2019a \u00e9t\u00e9 montr\u00e9e que les examens d\u2019imagerie diagnostique puissent \u00eatre responsables de la survenue de cancers. N\u00e9anmoins le principe de pr\u00e9caution pr\u00e9vaut et les dispositifs radiologiques sont contr\u00f4l\u00e9s r\u00e9guli\u00e8rement. Par ailleurs l\u2019\u00e9quipe radiologique adaptera en fonction de la demande de votre m\u00e9decin, l\u2019examen en utilisant le moins de rayonnement possible voire le cas \u00e9ch\u00e9ant il peut arriver que le radiologue substitue l\u2019examen radiologique \u00e0 une autre imagerie n\u2019utilisant pas les rayons X (IRM, \u00e9chographie) s\u2019il le juge plus pertinent en terme d\u2019efficacit\u00e9 et de s\u00e9curit\u00e9 (enfant, femme enceinte). Nous vous invitons \u00e0 consulter la fiche \u00e9tablie par la Soci\u00e9te Fran\u00e7ais de Radiologie si vous souhaitez approfondir cette question.\u00a0(<a href=\"http:\/\/www.imagerielescedres.fr\/fiches\/LesRayonsX.pdf\" target=\"_blank\">T\u00e9l\u00e9charger la fiche<\/a>)<\/p>\n<p>[\/vc_column_text][vc_empty_space height=\u00a0\u00bb20px\u00a0\u00bb]<h3 class=\"box_header\">Y a-t-il des pr\u00e9cautions \u00e0 prendre en cas d'utilisation d'un produit de contraste ?<\/h3>[vc_column_text]<\/p>\n<p>Si l\u2019examen n\u00e9cessite l\u2019utilisation d\u2019un produit de contraste (\u00e0 base d\u2019iode pour l\u2019imagerie radiographique et scannographique) un certain nombre de pr\u00e9cautions seront n\u00e9cessaires \u00e0 prendre avant l\u2019examen. Celles-ci seront pr\u00e9cis\u00e9es dans la fiche d\u2019information que vous devrez nous remettre le jour de l\u2019examen et \u00a0t\u00e9l\u00e9chargeable ci-dessous dans la rubrique \u00ab\u00a0T\u00c9L\u00c9CHARGEMENTS\u00a0\u00bb. L\u2019injection de produit de contraste se fait le plus souvent au niveau d\u2019une veine du pli du coude, parfois l\u2019injection peut avoir lieu dans une articulation, il s\u2019agit alors d\u2019un arthroscanner.<\/p>\n<p>[\/vc_column_text][\/vc_column][\/vc_row][vc_row][vc_column width=\u00a0\u00bb1\/1&Prime;][vc_empty_space height=\u00a0\u00bb20px\u00a0\u00bb][vc_empty_space height=\u00a0\u00bb20px\u00a0\u00bb][vc_separator color=\u00a0\u00bbgrey\u00a0\u00bb][vc_empty_space height=\u00a0\u00bb20px\u00a0\u00bb][vc_empty_space height=\u00a0\u00bb20px\u00a0\u00bb][\/vc_column][\/vc_row][vc_row][vc_column width=\u00a0\u00bb1\/6&Prime;]<span class=\"features_image\"><img decoding=\"async\" src=\"https:\/\/imagerielescedres.fr\/wp-content\/themes\/medicenter\/images\/icons_large\/turquoise_light\/administration.png\"><\/span>[\/vc_column][vc_column width=\u00a0\u00bb5\/6&Prime;]<h1 class=\"box_header no_border\">L\u2019ORGANISATION DE VOTRE RENDEZ-VOUS<\/h1>[vc_empty_space height=\u00a0\u00bb20px\u00a0\u00bb]<h3 class=\"box_header\">La prise de rendez-vous<\/h3>[vc_column_text]La prise de rendez-vous se fait de mani\u00e8re pr\u00e9f\u00e9rentielle par t\u00e9l\u00e9phone aux horaires d\u2019ouverture des cabinets (<a href=\"https:\/\/imagerielescedres.fr\/?page_id=2601\">Nous contacter<\/a>). Il est bien s\u00fbr possible de vous d\u00e9placer dans un des centres pour effectuer cette d\u00e9marche. Lors de votre appel t\u00e9l\u00e9phonique ou de votre passage munissez-vous de votre ordonnance. Pour certains examens, la demande devra \u00eatre valid\u00e9e par un des radiologues avant confirmation de votre rendez-vous. Cette demande peut nous \u00eatre adress\u00e9e par fax, courrier ou mail (<a href=\"https:\/\/imagerielescedres.fr\/?page_id=2601\">Nous contacter<\/a>).<br \/>\nS\u2019il s\u2019agit d\u2019un examen avec une injection, il faudra nous remettre la lettre d\u2019information et de consentement sign\u00e9e et dat\u00e9e, disponible dans la rubrique t\u00e9l\u00e9chargement.\u00a0Le cabinet de radiologie vous fournira la prescription des produits \u00e0 se procurer aupr\u00e8s d\u2019une pharmacie avant l\u2019examen et le cas \u00e9ch\u00e9ant un bilan sanguin devra \u00eatre r\u00e9alis\u00e9 pour v\u00e9rifier la fonction r\u00e9nale en cas d\u2019injection d\u2019un produit de contraste.<br \/>\nIl est pr\u00e9f\u00e9rable d\u2019effectuer cette d\u00e9marche en avance car parfois les pharmacies doivent commander les produits.<br \/>\nN\u2019h\u00e9sitez pas \u00e0 n<a href=\"https:\/\/imagerielescedres.fr\/?page_id=2601\">ous contacter<\/a>\u00a0si vous avez des questions.[\/vc_column_text][vc_empty_space height=\u00a0\u00bb20px\u00a0\u00bb]<h3 class=\"box_header\">Le jour de l'examen<\/h3>[vc_column_text]Pr\u00e9sentez-vous une dizaine de minutes avant l\u2019heure du rendez-vous.<br \/>\nVous devrez disposez des produits pharmaceutiques \u00e9ventuels prescrits par le radiologue ainsi que les r\u00e9sultats de vos prises de sang r\u00e9centes.<br \/>\nN\u2019oubliez pas de venir avec votre carte vitale, vos justificatifs de prise en charge sp\u00e9cifique, l\u2019ordonnance, vos bilans radiographiques ant\u00e9rieurs qui pourraient \u00eatre n\u00e9cessaires au radiologue ainsi que la lettre d\u2019information et de consentement dat\u00e9e et sign\u00e9e.<br \/>\nEn cas d\u2019injection de produit de contraste il est pr\u00e9f\u00e9rable de venir \u00e0 jeun. Sauf avis contraire, vous devez continuer vos traitements habituels.[\/vc_column_text][vc_empty_space height=\u00a0\u00bb20px\u00a0\u00bb]<h3 class=\"box_header\">D\u00e9roulement de l'examen<\/h3>[vc_column_text]Vous serez allong\u00e9 sur un lit qui se d\u00e9place dans un large anneau, le plus souvent sur le dos et seul dans la salle d\u2019examen ; nous communiquerons avec vous gr\u00e2ce \u00e0 un micro et haut parleur. L\u2019\u00e9quipe se trouve tout pr\u00e8s de vous, derri\u00e8re une vitre. Elle vous voit et vous entend, pendant tout l\u2019examen. Si cela \u00e9tait n\u00e9cessaire, elle peut intervenir sans d\u00e9lai.<br \/>\nSelon la zone \u00e9tudi\u00e9e, vos bras seront le long du corps ou derri\u00e8re la t\u00eate. L\u2019examen est g\u00e9n\u00e9ralement rapide. Votre coop\u00e9ration est importante : vous devez essayer de rester immobile ; dans certains cas,nous vous dirons, \u00e0 l\u2019aide du micro, quand arr\u00eater de respirer pour quelques secondes. Vous resterez entre 10 et 15 minutes dans la salle du scanner.<br \/>\nNous vous invitons \u00e0 consulter les fiches sp\u00e9cifiques \u00e0 l\u2019examen disponibles et\u00a0t\u00e9l\u00e9chargeables ci-dessous dans la rubrique \u00ab\u00a0T\u00c9L\u00c9CHARGEMENTS\u00a0\u00bb.[\/vc_column_text][vc_empty_space height=\u00a0\u00bb20px\u00a0\u00bb]<h3 class=\"box_header\">La remise des r\u00e9sultats<\/h3>[vc_column_text]Les r\u00e9sultats seront disponibles dans la majorit\u00e9 des cas au d\u00e9cours de l\u2019examen. Vous pourrez rencontrer le radiologue pour qu\u2019il vous donne un compte rendu oral.<br \/>\nUn document papier incluant le compte rendu et les images (sur un CD ) vous sera remis ainsi qu\u2019un num\u00e9ro d\u2019identifiant vous permettant de les consulter sur Internet.<br \/>\nSi votre m\u00e9decin poss\u00e8de une messagerie Internet s\u00e9curis\u00e9e, il recevra par mail le compte rendu.[\/vc_column_text][\/vc_column][\/vc_row][vc_row][vc_column width=\u00a0\u00bb1\/1&Prime;][vc_empty_space height=\u00a0\u00bb20px\u00a0\u00bb][vc_empty_space height=\u00a0\u00bb20px\u00a0\u00bb][vc_separator color=\u00a0\u00bbgrey\u00a0\u00bb][vc_empty_space height=\u00a0\u00bb20px\u00a0\u00bb][vc_empty_space height=\u00a0\u00bb20px\u00a0\u00bb][\/vc_column][\/vc_row][vc_row][vc_column width=\u00a0\u00bb1\/6&Prime;]<span class=\"features_image\"><img decoding=\"async\" src=\"https:\/\/imagerielescedres.fr\/wp-content\/themes\/medicenter\/images\/icons_large\/yellow\/download.png\"><\/span>[\/vc_column][vc_column width=\u00a0\u00bb5\/6&Prime;]<h1 class=\"box_header no_border\">T\u00c9L\u00c9CHARGEMENTS<\/h1>[vc_empty_space height=\u00a0\u00bb40px\u00a0\u00bb]<h3 class=\"box_header\">INFORMATION G\u00c9N\u00c9RALE<\/h3>[vc_empty_space height=\u00a0\u00bb20px\u00a0\u00bb][vc_accordion top_margin=\u00a0\u00bbnone\u00a0\u00bb active_tab=\u00a0\u00bb0&Prime;][vc_accordion_tab title=\u00a0\u00bbInformation sur les produits de contraste\u00a0\u00bb tab_id=\u00a0\u00bb1416936857-1-89&Prime;][vc_column_text]<\/p>\n<p>C\u2019est une substance injectable ou ing\u00e9rable qui am\u00e9liore la visualisation des organes explor\u00e9s. Il existe plusieurs cat\u00e9gories de produits de contraste.<\/p>\n<p>[\/vc_column_text][vc_button title=\u00a0\u00bbT\u00e9l\u00e9charger la fiche\u00a0\u00bb size=\u00a0\u00bbmedium\u00a0\u00bb target=\u00a0\u00bb_blank\u00a0\u00bb icon=\u00a0\u00bbwpb_document_pdf\u00a0\u00bb text_color=\u00a0\u00bb#ffffff\u00a0\u00bb hover_text_color=\u00a0\u00bb#ffffff\u00a0\u00bb color=\u00a0\u00bb#3156a3&Prime; custom_button_color=\u00a0\u00bb#fec110&Prime; hover_color=\u00a0\u00bb#3156a3&Prime; top_margin=\u00a0\u00bbnone\u00a0\u00bb href=\u00a0\u00bbhttp:\/\/www.imagerielescedres.fr\/fiches\/Lesproduitsde contraste.pdf\u00a0\u00bb][\/vc_accordion_tab][vc_accordion_tab title=\u00a0\u00bbInformation sur les rayons X\u00a0\u00bb tab_id=\u00a0\u00bb1416936857-2-6&Prime;][vc_column_text]<\/p>\n<p>Les rayons X sont des rayonnements invisibles capables de traverser le corps humain et qui sont arr\u00eat\u00e9s partiellement par lui. La diff\u00e9rence d\u2019att\u00e9nuation du rayonnement X provoqu\u00e9e par les diff\u00e9rents composants du corps humain (os, graisse, muscles, eau, air, vaisseaux\u2026) permet de cr\u00e9er l\u2019image en radiologie.<\/p>\n<p>[\/vc_column_text][vc_button title=\u00a0\u00bbT\u00e9l\u00e9charger la fiche\u00a0\u00bb size=\u00a0\u00bbmedium\u00a0\u00bb target=\u00a0\u00bb_blank\u00a0\u00bb icon=\u00a0\u00bbwpb_document_pdf\u00a0\u00bb text_color=\u00a0\u00bb#ffffff\u00a0\u00bb hover_text_color=\u00a0\u00bb#ffffff\u00a0\u00bb color=\u00a0\u00bb#3156a3&Prime; custom_button_color=\u00a0\u00bb#fec110&Prime; hover_color=\u00a0\u00bb#3156a3&Prime; top_margin=\u00a0\u00bbnone\u00a0\u00bb href=\u00a0\u00bbhttp:\/\/www.imagerielescedres.fr\/fiches\/LesRayonsX.pdf\u00a0\u00bb][\/vc_accordion_tab][\/vc_accordion][vc_empty_space height=\u00a0\u00bb20px\u00a0\u00bb][vc_empty_space height=\u00a0\u00bb20px\u00a0\u00bb][vc_empty_space height=\u00a0\u00bb20px\u00a0\u00bb]<h3 class=\"box_header\">INFORMATION SUR VOTRE EXAMEN ET LETTRE DE CONSENTEMENT<\/h3>[vc_empty_space height=\u00a0\u00bb20px\u00a0\u00bb][vc_accordion top_margin=\u00a0\u00bbnone\u00a0\u00bb active_tab=\u00a0\u00bb0&Prime;][vc_accordion_tab title=\u00a0\u00bbScanner\u00a0\u00bb tab_id=\u00a0\u00bb1416476753-1-88&Prime;][vc_column_text]Le scanner (ou tomodensitom\u00e9trie) permet de r\u00e9aliser des images en coupes du corps humain. Les images sont tr\u00e8s pr\u00e9cises. Elles peuvent montrer des d\u00e9tails de l\u2019ordre du millim\u00e8tre.<br \/>\nTr\u00e8s souvent, les renseignements apport\u00e9s par le scanner sont essentiels pour porter un diagnostic pr\u00e9cis ou pour surveiller l\u2019\u00e9volution d\u2019une maladie.[\/vc_column_text][vc_button title=\u00a0\u00bbT\u00e9l\u00e9charger la fiche\u00a0\u00bb size=\u00a0\u00bbmedium\u00a0\u00bb target=\u00a0\u00bb_blank\u00a0\u00bb icon=\u00a0\u00bbwpb_document_pdf\u00a0\u00bb text_color=\u00a0\u00bb#ffffff\u00a0\u00bb hover_text_color=\u00a0\u00bb#ffffff\u00a0\u00bb color=\u00a0\u00bb#3156a3&Prime; custom_button_color=\u00a0\u00bb#fec110&Prime; hover_color=\u00a0\u00bb#3156a3&Prime; top_margin=\u00a0\u00bbnone\u00a0\u00bb href=\u00a0\u00bbhttp:\/\/www.imagerielescedres.fr\/fiches\/Scanner.pdf\u00a0\u00bb][\/vc_accordion_tab][vc_accordion_tab title=\u00a0\u00bbArthroscanner\u00a0\u00bb tab_id=\u00a0\u00bb1416476753-2-51&Prime;][vc_column_text]<\/p>\n<p>Le scanner permet de r\u00e9aliser des images en coupes du corps humain. Les images sont tr\u00e8s pr\u00e9cises. Elles peuvent montrer des d\u00e9tails de l\u2019ordre du millim\u00e8tre.\u00a0L&rsquo;arthrosacanner\u00a0est un scanner d&rsquo;une articulation.<\/p>\n<p>[\/vc_column_text][vc_button title=\u00a0\u00bbT\u00e9l\u00e9charger la fiche\u00a0\u00bb size=\u00a0\u00bbmedium\u00a0\u00bb target=\u00a0\u00bb_blank\u00a0\u00bb icon=\u00a0\u00bbwpb_document_pdf\u00a0\u00bb text_color=\u00a0\u00bb#ffffff\u00a0\u00bb hover_text_color=\u00a0\u00bb#ffffff\u00a0\u00bb color=\u00a0\u00bb#3156a3&Prime; custom_button_color=\u00a0\u00bb#fec110&Prime; hover_color=\u00a0\u00bb#3156a3&Prime; top_margin=\u00a0\u00bbnone\u00a0\u00bb href=\u00a0\u00bbhttp:\/\/www.imagerielescedres.fr\/fiches\/Arthroscanner.pdf\u00a0\u00bb][\/vc_accordion_tab][vc_accordion_tab title=\u00a0\u00bbColoscanner\u00a0\u00bb][vc_column_text]<\/p>\n<p>Le scanner permet de r\u00e9aliser des images en coupes du corps humain. Les images sont tr\u00e8s pr\u00e9cises. Elles peuvent montrer des d\u00e9tails de l\u2019ordre du millim\u00e8tre.\u00a0Le\u00a0coloscanner\u00a0est un scanner du colon (gros intestin).<\/p>\n<p>[\/vc_column_text][vc_button title=\u00a0\u00bbT\u00e9l\u00e9charger la fiche\u00a0\u00bb size=\u00a0\u00bbmedium\u00a0\u00bb target=\u00a0\u00bb_blank\u00a0\u00bb icon=\u00a0\u00bbwpb_document_pdf\u00a0\u00bb text_color=\u00a0\u00bb#ffffff\u00a0\u00bb hover_text_color=\u00a0\u00bb#ffffff\u00a0\u00bb color=\u00a0\u00bb#3156a3&Prime; custom_button_color=\u00a0\u00bb#fec110&Prime; hover_color=\u00a0\u00bb#3156a3&Prime; top_margin=\u00a0\u00bbnone\u00a0\u00bb href=\u00a0\u00bbhttp:\/\/www.imagerielescedres.fr\/fiches\/Coloscanner.pdf\u00a0\u00bb][\/vc_accordion_tab][vc_accordion_tab title=\u00a0\u00bbColoscopie virtuelle\u00a0\u00bb][vc_column_text]<\/p>\n<p>La coloscopie virtuelle utilise la technique du scanner pour \u00e9tudier le gros intestin, \u00e0 la recherche de polypes. Outre le d\u00e9pistage, elle est aussi indiqu\u00e9e en cas de contre-indication ou d\u2019\u00e9chec de la colonoscopie optique.<\/p>\n<p>[\/vc_column_text][vc_button title=\u00a0\u00bbT\u00e9l\u00e9charger la fiche\u00a0\u00bb size=\u00a0\u00bbmedium\u00a0\u00bb target=\u00a0\u00bb_blank\u00a0\u00bb icon=\u00a0\u00bbwpb_document_pdf\u00a0\u00bb text_color=\u00a0\u00bb#ffffff\u00a0\u00bb hover_text_color=\u00a0\u00bb#ffffff\u00a0\u00bb color=\u00a0\u00bb#3156a3&Prime; custom_button_color=\u00a0\u00bb#fec110&Prime; hover_color=\u00a0\u00bb#3156a3&Prime; top_margin=\u00a0\u00bbnone\u00a0\u00bb href=\u00a0\u00bbhttp:\/\/www.imagerielescedres.fr\/fiches\/Coloscopievirtuelle.pdf\u00a0\u00bb][\/vc_accordion_tab][vc_accordion_tab title=\u00a0\u00bbCoroscanner\u00a0\u00bb][vc_column_text]<\/p>\n<p>Le scanner permet de r\u00e9aliser des images en coupes du corps humain. Les images sont tr\u00e8s pr\u00e9cises. Elles peuvent montrer des d\u00e9tails de l\u2019ordre du millim\u00e8tre.\u00a0Le\u00a0coro-scanner\u00a0est un scanner des art\u00e8res coronaires,<\/p>\n<p>[\/vc_column_text][vc_button title=\u00a0\u00bbT\u00e9l\u00e9charger la fiche\u00a0\u00bb size=\u00a0\u00bbmedium\u00a0\u00bb target=\u00a0\u00bb_blank\u00a0\u00bb icon=\u00a0\u00bbwpb_document_pdf\u00a0\u00bb text_color=\u00a0\u00bb#ffffff\u00a0\u00bb hover_text_color=\u00a0\u00bb#ffffff\u00a0\u00bb color=\u00a0\u00bb#3156a3&Prime; custom_button_color=\u00a0\u00bb#fec110&Prime; hover_color=\u00a0\u00bb#3156a3&Prime; top_margin=\u00a0\u00bbnone\u00a0\u00bb href=\u00a0\u00bbhttp:\/\/www.imagerielescedres.fr\/fiches\/Coroscanner.pdf\u00a0\u00bb][\/vc_accordion_tab][vc_accordion_tab title=\u00a0\u00bbEnt\u00e9ro Scanner\u00a0\u00bb][vc_column_text]<\/p>\n<p>Le scanner permet de r\u00e9aliser des images en coupes du corps humain. Les images sont tr\u00e8s pr\u00e9cises. Elles peuvent montrer des d\u00e9tails de l\u2019ordre du millim\u00e8tre.\u00a0L&rsquo;ent\u00e9ro-scanner permet un examen approfondi de l&rsquo;intestion gr\u00e8le.<\/p>\n<p>[\/vc_column_text][vc_button title=\u00a0\u00bbT\u00e9l\u00e9charger la fiche\u00a0\u00bb size=\u00a0\u00bbmedium\u00a0\u00bb target=\u00a0\u00bb_blank\u00a0\u00bb icon=\u00a0\u00bbwpb_document_pdf\u00a0\u00bb text_color=\u00a0\u00bb#ffffff\u00a0\u00bb hover_text_color=\u00a0\u00bb#ffffff\u00a0\u00bb color=\u00a0\u00bb#3156a3&Prime; custom_button_color=\u00a0\u00bb#fec110&Prime; hover_color=\u00a0\u00bb#3156a3&Prime; top_margin=\u00a0\u00bbnone\u00a0\u00bb href=\u00a0\u00bbhttp:\/\/www.imagerielescedres.fr\/fiches\/Entero-Scanner.pdf\u00a0\u00bb][\/vc_accordion_tab][\/vc_accordion][\/vc_column][\/vc_row]<\/p>\n","protected":false},"excerpt":{"rendered":"<p>[vc_row][vc_column width=\u00a0\u00bb1\/1&Prime;][vc_gallery type=\u00a0\u00bbflexslider_fade\u00a0\u00bb interval=\u00a0\u00bb3&Prime; images=\u00a0\u00bb3044,3043,3042,3435&Prime; onclick=\u00a0\u00bblink_image\u00a0\u00bb custom_links_target=\u00a0\u00bb_self\u00a0\u00bb img_size=\u00a0\u00bbfull\u00a0\u00bb][vc_empty_space height=\u00a0\u00bb20px\u00a0\u00bb][\/vc_column][\/vc_row][vc_row][vc_column width=\u00a0\u00bb1\/6&Prime;][\/vc_column][vc_column width=\u00a0\u00bb5\/6&Prime;][vc_empty_space height=\u00a0\u00bb20px\u00a0\u00bb][vc_column_text]Cet appareil permet de faire des images en coupe du corps humain. Les renseignements apport\u00e9s par cet examen sont tr\u00e8s souvent d\u00e9terminants pour porter un diagnostic pr\u00e9cis. Le scanner utilise (comme la Radiographie) des rayons X. En mati\u00e8re d\u2019irradiation des patients, rien n\u2019a pu<\/p>\n","protected":false},"author":1,"featured_media":0,"parent":0,"menu_order":0,"comment_status":"closed","ping_status":"closed","template":"","meta":{"footnotes":""},"_links":{"self":[{"href":"https:\/\/imagerielescedres.fr\/index.php?rest_route=\/wp\/v2\/pages\/3036"}],"collection":[{"href":"https:\/\/imagerielescedres.fr\/index.php?rest_route=\/wp\/v2\/pages"}],"about":[{"href":"https:\/\/imagerielescedres.fr\/index.php?rest_route=\/wp\/v2\/types\/page"}],"author":[{"embeddable":true,"href":"https:\/\/imagerielescedres.fr\/index.php?rest_route=\/wp\/v2\/users\/1"}],"replies":[{"embeddable":true,"href":"https:\/\/imagerielescedres.fr\/index.php?rest_route=%2Fwp%2Fv2%2Fcomments&post=3036"}],"version-history":[{"count":29,"href":"https:\/\/imagerielescedres.fr\/index.php?rest_route=\/wp\/v2\/pages\/3036\/revisions"}],"predecessor-version":[{"id":3436,"href":"https:\/\/imagerielescedres.fr\/index.php?rest_route=\/wp\/v2\/pages\/3036\/revisions\/3436"}],"wp:attachment":[{"href":"https:\/\/imagerielescedres.fr\/index.php?rest_route=%2Fwp%2Fv2%2Fmedia&parent=3036"}],"curies":[{"name":"wp","href":"https:\/\/api.w.org\/{rel}","templated":true}]}}