{"id":3280,"date":"2014-11-28T14:56:38","date_gmt":"2014-11-28T13:56:38","guid":{"rendered":"http:\/\/imagerielescedres.fr\/?page_id=3280"},"modified":"2016-09-20T08:44:10","modified_gmt":"2016-09-20T07:44:10","slug":"mentions-legales","status":"publish","type":"page","link":"https:\/\/imagerielescedres.fr\/?page_id=3280","title":{"rendered":"MENTIONS L\u00c9GALES"},"content":{"rendered":"<p>[vc_row][vc_column width=\u00a0\u00bb1\/1&Prime;][vc_column_text]<\/p>\n<p style=\"text-align: justify;\">La SCM les C\u00e8dres :<br \/>\nN\u00b0\u00a0Siret : 33091423500024 code Naf 8219 Z.<br \/>\nSi\u00e8ge Social :\u00a070 Avenue du G\u00e9n\u00e9ral de Gaulle St MALO,<br \/>\nLes cog\u00e9rants<br \/>\n\u2022\u00a0\u00a0Dr Jean-Fran\u00e7ois BRUNET, M\u00e9decin radiologue<br \/>\n\u2022\u00a0\u00a0Dr Fr\u00e9d\u00e9ric BRUNET, M\u00e9decin radiologue<br \/>\n\u2022\u00a0\u00a0Dr J\u00e9r\u00f4me POIRIER, M\u00e9decin radiologue<\/p>\n<p style=\"text-align: justify;\"><strong>Tarification<br \/>\n<\/strong>Les 15 radiologues de la SCM Les C\u00e8dres sont conventionn\u00e9s secteurs 1 et adh\u00e9rents \u00e0 une Association de Gestion Agr\u00e9\u00e9e.<br \/>\nLa tarification actualis\u00e9e est consultable sur le site <a href=\"http:\/\/www.ameli.fr\/\" target=\"_blank\">http:\/\/www.ameli.fr\/<\/a><\/p>\n<p style=\"text-align: justify;\"><strong>Site Internet<br \/>\n<\/strong>\u2022 Nom des responsables de la publication : Drs Catherine Louail et Nicolas Morcet<br \/>\n\u2022 Coordonn\u00e9es de l&rsquo;h\u00e9bergeur du site : nom, d\u00e9nomination ou raison sociale, adresse et num\u00e9ro de t\u00e9l\u00e9phone (\u00e0 remplir)<br \/>\n\u2022 Concepion et R\u00e9alisation : <a href=\"http:\/\/www.docteam.net\" target=\"_blank\">Docteam SARL<\/a><br \/>\n\u2022 Financement : Ce site est financ\u00e9 par les fonds propres de la SCM de Radiologie Les C\u00e8dres. Ce site n&rsquo;accepte pas et ne re\u00e7oit pas de fonds publicitaires.<\/p>\n<p style=\"text-align: justify;\"><strong>Confidentialit\u00e9<br \/>\n<\/strong>Ce site Internet s\u2019adresse au public et aux professionnels de sant\u00e9. Via le formulaire de contact, les informations transmises feront l\u2019objet, sauf opposition justifi\u00e9e de votre part, d\u2019un enregistre-ment informatique r\u00e9serv\u00e9 \u00e0 l\u2019usage strict du Centre d\u2019Imagerie M\u00e9dicale Les C\u00e8dres dont les membres sont tous soumis au secret m\u00e9dical.<\/p>\n<p style=\"text-align: justify;\">Le cabinet dispose de plusieurs syst\u00e8mes d\u2019information destin\u00e9s :<br \/>\n\u2022 \u00e0 g\u00e9rer les dossiers radiologiques des patients (compte rendus radiographiques, biolo-giques, prescriptions m\u00e9dicales)<br \/>\n\u2022 \u00e0 assurer la facturation des actes<br \/>\n\u2022 \u00e0 transmettre les feuilles de soins aux caisses de s\u00e9curit\u00e9 sociale.<br \/>\n\u2022 \u00e0 assurer le stockage et la diffusion des images pour consultation<\/p>\n<p style=\"text-align: justify;\">Chaque syst\u00e8me d\u2019information a fait l\u2019objet d\u2019une d\u00e9claration \u00e0 la CNIL.<\/p>\n<p>[\/vc_column_text][\/vc_column][\/vc_row]<\/p>\n","protected":false},"excerpt":{"rendered":"<p>[vc_row][vc_column width=\u00a0\u00bb1\/1&Prime;][vc_column_text] La SCM les C\u00e8dres : N\u00b0\u00a0Siret : 33091423500024 code Naf 8219 Z. Si\u00e8ge Social :\u00a070 Avenue du G\u00e9n\u00e9ral de Gaulle St MALO, Les cog\u00e9rants \u2022\u00a0\u00a0Dr Jean-Fran\u00e7ois BRUNET, M\u00e9decin radiologue \u2022\u00a0\u00a0Dr Fr\u00e9d\u00e9ric BRUNET, M\u00e9decin radiologue \u2022\u00a0\u00a0Dr J\u00e9r\u00f4me POIRIER, M\u00e9decin radiologue Tarification Les 15 radiologues de la SCM Les C\u00e8dres sont conventionn\u00e9s secteurs 1 et<\/p>\n","protected":false},"author":1,"featured_media":0,"parent":0,"menu_order":0,"comment_status":"closed","ping_status":"closed","template":"","meta":{"footnotes":""},"_links":{"self":[{"href":"https:\/\/imagerielescedres.fr\/index.php?rest_route=\/wp\/v2\/pages\/3280"}],"collection":[{"href":"https:\/\/imagerielescedres.fr\/index.php?rest_route=\/wp\/v2\/pages"}],"about":[{"href":"https:\/\/imagerielescedres.fr\/index.php?rest_route=\/wp\/v2\/types\/page"}],"author":[{"embeddable":true,"href":"https:\/\/imagerielescedres.fr\/index.php?rest_route=\/wp\/v2\/users\/1"}],"replies":[{"embeddable":true,"href":"https:\/\/imagerielescedres.fr\/index.php?rest_route=%2Fwp%2Fv2%2Fcomments&post=3280"}],"version-history":[{"count":10,"href":"https:\/\/imagerielescedres.fr\/index.php?rest_route=\/wp\/v2\/pages\/3280\/revisions"}],"predecessor-version":[{"id":3478,"href":"https:\/\/imagerielescedres.fr\/index.php?rest_route=\/wp\/v2\/pages\/3280\/revisions\/3478"}],"wp:attachment":[{"href":"https:\/\/imagerielescedres.fr\/index.php?rest_route=%2Fwp%2Fv2%2Fmedia&parent=3280"}],"curies":[{"name":"wp","href":"https:\/\/api.w.org\/{rel}","templated":true}]}}